
-3
Let l(r) = r**2 + 13*r - 32. What is l(-15)?
-2
Let f(j) = -j + 6. What is f(6)?
0
Let w(j) = j**2 + 14*j + 18. Determine w(-14).
18
Let b(a) = 12*a - 548. What is b(44)?
-20
Let x(o) = o**3 - 3*o**2 - 3*o + 2. Give x(4).
6
Let y(a) = a**3 - 8*a**2 - 28*a + 181. Determine y(9).
10
Let v(l) = -l**2 + 3*l - 53. Determine v(6).
-71
Let f(d) = -20*d**2 + 3*d - 3. Give f(1).
-20
Let d(m) = 84*m - 183. Calculate d(2).
-15
Let m(d) = 4*d - 1. Determine m(3).
11
Let s(m) = -3*m**2 + 7*m - 6. Calculate s(1).
-2
Let x(r) = -5*r - 1. Calculate x(1).
-6
Let l(h) = -2*h**2 + 24*h + 1. Give l(9).
55
Let k(f) = 9*f**2 - 2*f + 2. Calculate k(2).
34
Let x(c) = -19*c**2 - 2. What is x(-2)?
-78
Let b(z) = -z**3 - 46*z**2 - 132*z - 121. What is b(-43)?
8
Let w(f) = f**2 - 3. Determine w(5).
22
Let q(m) = m**3 + 5*m**2 - 7*m + 4. What is q(-6)?
10
Let b(r) = 8*r + 299. Give b(-38).
-5
Let o(b) = 46*b - 6. Give o(-1).
-52
Let g(t) = 6*t + 13. Determine g(-9).
-41
Let z(x) = -2*x**3 - 7*x**2 - 7*x - 4. Determine z(-2).
-2
Let w(u) = 6*u**2 + 27*u + 6. Determine w(-4).
-6
Let q(j) = j**2 + 18*j - 86. Calculate q(4).
2
Let m(s) = -s**2 - 13*s - 27. Give m(-20).
-167
Let o(p) = -8*p - 2. What is o(-7)?
54
Let b(i) = -2*i**2 - 11*i. What is b(-9)?
-63
Let h(l) = -4*l**2 + 130*l - 59. What is h(32)?
5
Let s(c) = 2*c**2 + 27*c - 12. What is s(-14)?
2
Let w(y) = -2*y**2 - 10*y - 37. What is w(-5)?
-37
Let z(v) = -v**3 - 3*v**2 - v - 1. Calculate z(-2).
-3
Let z(u) = u**2 - 10*u + 7. Determine z(7).
-14
Let j(a) = -a - 4. Calculate j(-5).
1
Let m(k) = -k**3 - 40*k**2 - 3*k - 121. Determine m(-40).
-1
Let t(c) = c**3 + 9*c**2 - 38*c - 49. Give t(-12).
-25
Let q(u) = -10*u - 2. Give q(2).
-22
Let w(j) = 5*j + 1. Calculate w(1).
6
Let m(k) = -2*k - 13. What is m(-2)?
-9
Let w(z) = 74*z + 298. Calculate w(-4).
2
Let c(b) = b**3 + 5*b**2 + b - 4. What is c(-4)?
8
Let t(n) = -n**2 - 26*n - 122. What is t(-19)?
11
Let p(s) = s**3 + 12*s**2 + 13*s + 15. Calculate p(-11).
-7
Let i(t) = t**2 - 9*t + 2. Determine i(7).
-12
Let p(g) = -g**2 - 9*g + 7. Give p(-12).
-29
Let k(w) = -w**3 - 11*w**2 - 7*w + 37. Calculate k(-10).
7
Let i(z) = z**3 + 12*z**2 - 26*z + 35. Determine i(-14).
7
Let q(n) = 7*n - 87. Determine q(13).
4
Let g(q) = 50*q + 1. Give g(-1).
-49
Let l(m) = -5*m + 37. Give l(8).
-3
Let h(o) = o**3 - 15*o**2 + 16*o - 33. Determine h(14).
-5
Let z(b) = -5*b - 170. Determine z(-31).
-15
Let f(b) = -b - 1. Calculate f(-4).
3
Let m(c) = -c**3 + 5*c**2 - 5*c + 2. Calculate m(3).
5
Let o(b) = -b**2 - 12*b. Determine o(-7).
35
Let i(o) = o**3 - 3*o**2. What is i(3)?
0
Let l(x) = 10*x + 345. What is l(-35)?
-5
Let i(y) = -6*y**3 - 2*y**2 - y + 2. Give i(-2).
44
Let p(w) = 17*w - 59. Give p(4).
9
Let u(c) = -c**2 - 4*c + 4. Determine u(2).
-8
Let i(y) = -4*y**3 + 4*y**2 - 4*y. What is i(4)?
-208
Let o(q) = -48*q - 5. What is o(-1)?
43
Let z(b) = 18*b - 27. What is z(3)?
27
Let m(x) = -x**3 + 22*x**2 + 51*x - 80. Calculate m(24).
-8
Let x(a) = 6*a + 17. Give x(-6).
-19
Let b(n) = -n - 131. Give b(7).
-138
Let r(n) = n**3 - 7*n**2 - 7*n + 51. Determine r(7).
2
Let k(s) = s - 3. Determine k(0).
-3
Let r(k) = -k**3 + 4*k**2 + 2*k + 3. What is r(5)?
-12
Let h(q) = 122*q - 230. Calculate h(2).
14
Let r(a) = -73*a - 146. What is r(-2)?
0
Let g(w) = w**2 - 4*w - 7. What is g(5)?
-2
Let m(l) = -l**3 - 5*l**2 + 8*l + 4. Calculate m(-6).
-8
Let o(h) = -2*h**2 - 13*h - 3. What is o(-7)?
-10
Let m(g) = -g**2 - 41*g. What is m(-41)?
0
Let w(l) = 4*l - 63. Determine w(19).
13
Let b(p) = p**2 - 15*p + 13. Determine b(14).
-1
Let y(k) = -k**3 + 15*k**2 + 2*k - 22. Give y(15).
8
Let s(w) = -w**2 - 12*w - 1. Calculate s(-8).
31
Let r(u) = 2*u**3 - 3*u**2 - 2*u + 2. Give r(1).
-1
Let r(y) = 4*y**2 - 8*y. What is r(6)?
96
Let g(r) = -r**3 - 5*r**2 + 7*r + 7. Calculate g(-6).
1
Let c(j) = j - 47. Calculate c(45).
-2
Let a(l) = -l**2 - 54*l + 285. What is a(5)?
-10
Let k(r) = 5*r**2 - r + 1. Give k(2).
19
Let g(w) = -2*w - 1. Calculate g(8).
-17
Let y(z) = z**3 + 2*z**2 - 31*z + 28. Determine y(-7).
0
Let q(u) = u**3 - 7*u**2 - 3*u - 1. Give q(7).
-22
Let f(r) = r**3 - r + 2. Give f(2).
8
Let h(t) = -t + 5. Give h(0).
5
Let k(s) = -6*s + 10. Determine k(7).
-32
Let u(m) = m - 2. Give u(-4).
-6
Let g(p) = p**3 - 7*p**2 - 2*p + 6. What is g(6)?
-42
Let f(w) = 19*w + 57. What is f(-3)?
0
Let r(v) = -v**3 - 2*v**2 + 8*v - 14. Determine r(-5).
21
Let u(n) = 3*n + 24. What is u(-12)?
-12
Let f(m) = 2*m + 4. Determine f(3).
10
Let g(s) = -15*s**3 - 2*s**2 + 1. Give g(1).
-16
Let i(t) = t**3 - 7*t**2 + 3*t + 5. Give i(6).
-13
Let l(i) = 2*i**2 - 2*i - 16. Determine l(3).
-4
Let o(k) = 2*k - 4. Determine o(6).
8
Let m(f) = -f - 5. What is m(-11)?
6
Let q(s) = -s**2 - 7*s - 2. Calculate q(-5).
8
Let m(x) = x**2 - 24*x - 46. Determine m(25).
-21
Let h(r) = 10*r - 3. What is h(2)?
17
Let u(h) = h**3 + 12*h**2 - 27*h + 8. Calculate u(-14).
-6
Let m(h) = -4*h**3 - 4*h**2 - 2*h. Determine m(-2).
20
Let x(b) = b + 26. Calculate x(0).
26
Let d(x) = x**3 - 9*x**2 - x - 3. What is d(9)?
-12
Let d(j) = 18*j**3 - j**2 - j - 1. Determine d(-1).
-19
Let r(h) = 6*h - 194. Give r(26).
-38
Let v(g) = -g**3 + 6*g**2 - 7*g + 3. What is v(5)?
-7
Let j(h) = -h**2 + 95*h - 1607. Give j(73).
-1
Let t(k) = 2*k**2 - 76*k + 80. Calculate t(37).
6
Let c(t) = -2*t**3 + 7*t**2 - 7*t + 13. What is c(3)?
1
Let d(r) = r**3 + 3*r**2 + 5*r + 4. Give d(-3).
-11
Let d(s) = -5*s + 1. Give d(-4).
21
Let x(b) = -5*b - 1. Give x(2).
-11
Let t(c) = c**2 - 18*c + 16. Give t(7).
-61
Let h(x) = x**2 + 23*x + 121. What is h(-11)?
-11
Let p(k) = k**3 - 14*k**2 + 19*k - 28. What is p(13)?
50
Let h(b) = -b - 22. Give h(-22).
0
Let i(v) = v - 2. Determine i(0).
-2
Let k(u) = 8*u + 54. Calculate k(-7).
-2
Let k(m) = m**2 - 15*m + 35. Determine k(12).
-1
Let w(f) = f**3 + 3*f**2 + 2*f - 3. Determine w(-2).
-3
Let p(b) = -b + 6. Determine p(3).
3
Let f(c) = -c**3 - 3*c**2 - 8*c - 9. Give f(-2).
3
Let m(y) = 2*y - 17. Give m(22).
27
Let d(y) = -4*y - 2. Give d(-3).
10
Let l(v) = v**3 + 10*v**2 + 7*v - 2. What is l(-8)?
70
Let i(r) = 19*r - 28. Determine i(2).
10
Let d(w) = -25*w + 83. Give d(6).
-67
Let s(j) = -j**3 + 5*j**2 - 16*j + 47. What is s(5)?
-33
Let z(c) = -2*c - 87. What is z(-27)?
-33
Let p(s) = -s**2 - 26*s - 48. What is p(-21)?
57
Let f(b) = -b - 2. Give f(-9).
7
Let m(u) = -47*u + 420. Determine m(9).
-3
Let h(s) = 93*s + 471. Determine h(-5).
6
Let q(x) = x - 25. Calculate q(12).
-13
Let p(x) = -25*x - 3. What is p(-1)?
22
Let o(q) = q**3 - 9*q**2 + 7*q - 4. Determine o(9).
59
Let s(t) = 3*t**2 - 20*t + 15. Determine s(8).
47
Let c(r) = r**3 - 10*r**2 + 7*r - 24. What is c(10)?
46
Let q(v) = -v**3 - 4*v**2 + 7*v + 8. Calculate q(-4).
-20
Let o(v) = -2*v**2 - 15*v - 24. Determine o(-6).
-6
Let g(u) = -7*u**2 - 9*u - 7. What is g(-1)?
-5
Let g(t) = t**3 - 8*t**2 - 2*t + 8. Give g(8).
-8
Let d(f) = -f + 23. What is d(16)?
7
Let j(u) = -u**2 - 11*u - 1. Give j(-6).
29
Let n(m) = m**2 - 2*m - 16. What is n(-3)?
-1
Let p(n) = n - 21. Calculate p(18).
-3
Let s(q) = q**3 - 2*q + 2. Give s(-3).
-19
Let y(b) = -4*b - 134. Determine y(-9).
-98
Let v(a) = a**2 - 14*a - 5. Give v(15).
10
Let u(f) = f**3 + 5*f**2 + 7*f + 12. Calculate u(-3).
9
Let t(f) = 114*f + 103. Calculate t(-1).
-11
Let i(g) = 40*g. Give i(-1).
-40
Let w(u) = 3*u - 16. Give w(4).
-4
Let j(p) = p - 7. Give j(-6).
-13
Let c(j) = j - 5. Give c(16).
11
Let c(b) = 4*b - 37. Calculate c(7).
-9
Let l(z) = -z**3 - z**2 + 13*z + 1. What is l(-4)?
-3
Let h(q) = 17*q + 16. Calculate h(-1).
-1
Let u(m) = m**2 - 19*m - 33. Give u(20).
-13
Let h(u) = 7*u + 11. Give h(-11).
-66
Let s(v) = -3*v + 8. Give s(6).
-10
Let r(q) = -q**2 - 17*q - 73. Determine r(-9).
-1
Let l(f) = -f**2 + 13*f - 31. Give l(8).
9
Let q(k) = -8*k**2 - k + 10. Determine q(-4).
-114
Let h(d) = -28*d - 409. Give h(-15).
11
Let r(m) = 13*m**3 + m**2 + m + 1. Determine r(-1).
-12
Let w(r) = -r**3 - 17*r**2 - 2*r - 29. Calculate w(-17).
5
Let o(t) = -3*t**2 - 49*t + 10. Give o(-17).
-24
Let g(i) = -5*i**3 - i**2 + i. What is g(1)?
-5
Let p(s) = -11*s - 137. Calculate p(-16).
39
Let y(n) = -2*n**3 - 18*n**2 - 16*n - 13. Calculate y(-8).
-13
Let c(r) = 3*r + 4. Calculate c(4).
16
Let r(u) = 4*u + 8. What is r(5)?
28
Let y(l) = -l**2